actor of t and 160?
20
Let r be 42/4*(3 - -3). Let g = 28 - 19. Let w = 0 + g. What is the greatest common divisor of r and w?
9
Let f(g) = -g**3 - 10*g**2 - 5*g - 13. Let h be f(-9). Let c = h + 70. Calculate the greatest common divisor of c and 21.
21
Let t(z) = 3*z + 4. Let f be t(4). Suppose -5*o + 3*o = -48. What is the highest common divisor of f and o?
8
Let c = -46 - -76. Suppose -2*u + c = -8. Calculate the greatest common divisor of u and 19.
19
Suppose 0 = 2*q - w - 13, 2*w - 11 = -q + 8. Suppose 3*u + 0*u = -v + 9, -u + 9 = v. Calculate the greatest common factor of v and q.
9
Let x(w) = -w + 23. Let f be x(3). Calculate the highest common factor of 100 and f.
20
Suppose -2*b - 2*b - 12 = 0. Let o = -3 - b. Let h = o + 10. Calculate the greatest common factor of h and 5.
5
Suppose 6*w + 2*w = 280. Calculate the greatest common divisor of 15 and w.
5
Let q(a) = -a + 12. Let f be q(8). Let p be (1 - 0)/(3/9). Suppose -2*b = -4*h + 18, -h + p = -3*b + 4*b. What is the highest common factor of h and f?
4
Suppose 3*n - 7*n + 24 = 0. Let j(z) = 2*z + 2. Let a be j(8). What is the highest common divisor of a and n?
6
Let q(n) = 2*n + 1 + 5*n + 1 + 2*n. Let y be q(6). Suppose 2*k - 4*k + 16 = 0. Calculate the greatest common divisor of k and y.
8
Let d be (-5)/(-20) - 13/4. Let t be -3*(-13 - 6/d). What is the greatest common divisor of 11 and t?
11
Suppose -2*z = -33 - 163. Suppose -10 = 3*r - 1, z = d - r. Let f be (-1344)/(-70) + 4 + 21/(-5). Calculate the greatest common factor of d and f.
19
Let n = 12 + -11. Let g be n - (-3 + -3 + 1). Let w(v) = 18*v. Let f be w(3). What is the greatest common divisor of f and g?
6
Let w be (132/(-28) - -5)/((-2)/(-14)). Calculate the highest common divisor of w and 58.
2
Let o = -7 - -16. Suppose -3*w - 4 + 22 = 0. What is the greatest common divisor of w and o?
3
Let s(z) = z. Let g(c) = c. Let x(v) = 5*g(v) - s(v). Let o be x(1). Suppose o*k = -0*k + 12. Calculate the highest common divisor of k and 12.
3
Let v = -287 - -561. Suppose -5*m + v + 441 = 0. Calculate the greatest common factor of m and 13.
13
Let v be 2*3/((-12)/(-10)). Suppose 29 + 76 = v*l. Calculate the greatest common divisor of l and 3.
3
Let j = 4 - 17. Let o = j + 18. What is the highest common divisor of 40 and o?
5
Let g be (32/48)/((-2)/(-264)). Let v(q) = -3*q - 7. Let d be v(-6). Calculate the greatest common factor of g and d.
11
Suppose -2*t = -2*z - 50, t + 91 = 5*t - z. Calculate the highest common divisor of 2 and t.
2
Let r(m) = m - 7. Let t be r(-6). Let u = 23 + t. Calculate the highest common divisor of u and 70.
10
Let i(t) = 4*t + 3. Let j be i(5). Suppose 0*a + 3*a - 2*q = 17, 5*a - 2*q - j = 0. Let z = a + 10. Calculate the highest common factor of 117 and z.
13
Let c = -20 + 68. What is the highest common divisor of c and 6?
6
Let x be 7/4 - 2/(-8). Let w(v) = 2*v**3 - 3*v**2 + 1. Let b be w(x). Suppose 53 = b*i + 13. Calculate the highest common divisor of 1 and i.
1
Suppose 0 = 2*x + 4*x - 30. Calculate the highest common divisor of 5 and x.
5
Suppose 15*j - 280 = 7*j. What is the highest common divisor of j and 140?
35
Suppose -696 = -13*h + 669. What is the greatest common divisor of h and 15?
15
Suppose 2*h + 92 = 4*m, -2*h + 62 = 2*m - 7*h. Let g be ((-10)/(-3) - 4)*-3. Suppose -f = g*f - m. Calculate the highest common factor of f and 77.
7
Let w be 3/6 + (-3)/2. Let x be -1 + 1 + w - -7. Let t(v) = -v**2 + 14*v - 12. Let k be t(8). Calculate the highest common divisor of k and x.
6
Suppose 5*i + 3*h - 35 = 0, -3 - 19 = -3*i - 2*h. Let c be 2/(-5) - (-6)/15. Let z = c + 1. What is the greatest common divisor of z and i?
1
Suppose 3*o - 17 = 1. Let z(k) = -k**3 - 2*k**2 + 2*k + 1. Let q be z(-5). Calculate the highest common divisor of q and o.
6
Let l(m) = -8*m + 79. Let v be l(9). Suppose 16 = 2*x + 6. Let k = 23 + x. Calculate the greatest common divisor of k and v.
7
Let r be ((-4)/(-6))/(12/198). Let a(n) = -n**2 + 5*n + 15. Let l be a(r). Let p be 1/3 - l/9. Calculate the greatest common divisor of 48 and p.
6
Let j = -48 + 64. What is the greatest common divisor of j and 80?
16
Let b be 12/3 + (141 - 1). Let i = -23 - -46. Suppose 4*f + i = 87. What is the greatest common factor of f and b?
16
Let m be (-8)/3*144/(-32). Calculate the greatest common factor of m and 18.
6
Suppose 3*o = -2*q + 46, 0*q + 4*q - o - 64 = 0. What is the greatest common factor of q and 119?
17
Suppose -2*g + 5*g - 192 = 0. What is the highest common factor of g and 32?
32
Let h = -233 + 458. What is the highest common factor of h and 25?
25
Let i be (3 + 0)*-1 - (7 + -22). What is the greatest common factor of i and 60?
12
Suppose -2 + 8 = 3*g. Suppose -4*r = 3*c - 2*c - 40, -c = -4. Let a be 6/(-5)*(-120)/r. Calculate the greatest common factor of a and g.
2
Let y be 6/10 - (-42)/5. Calculate the greatest common factor of 1 and y.
1
Suppose 73 = -3*n - 14. Let q = 52 - n. Suppose -s = -h - 4, -h + 32 = -s + 4*s. Calculate the highest common factor of q and s.
9
Let a(x) = 3*x**2 - x**2 + 4*x**2 + 2 + 2 + x. Let q be a(-4). What is the highest common divisor of 12 and q?
12
Suppose -5*o = -593 + 53. Let v = 3 + 0. Let m be -18*v/(27/(-6)). What is the greatest common factor of m and o?
12
Let d = -23 + 17. Let y be (-1)/d + (-145)/(-30). Calculate the greatest common divisor of y and 1.
1
Let l(n) = -3*n - 3. Let v be l(-3). What is the highest common divisor of 54 and v?
6
Let x(b) be the second derivative of -b**3/3 - 3*b**2/2 - 4*b. Let u be x(-7). What is the greatest common divisor of u and 55?
11
Let t = 8 + 18. What is the greatest common divisor of t and 130?
26
Suppose -2*d + 21 = -3*p, p - 7 = -d - p. Calculate the greatest common factor of 6 and d.
3
Suppose d - 2 = 26. What is the highest common divisor of 7 and d?
7
Suppose 4*y + 268 = 3*s, -4*y = -2*s + 103 + 81. What is the greatest common factor of 126 and s?
42
Suppose -2*q = 5 - 13. Suppose 0 = q*v - 0*v - 828. What is the highest common divisor of v and 23?
23
Let q be 1 + -2 + 0 + -1. Let t = 40 + q. Suppose t = f - 18. What is the greatest common divisor of f and 7?
7
Let u(w) = -w**3 - 5*w**2 + 5*w. Let f be u(-7). Let s = 143 - f. Calculate the highest common divisor of s and 32.
16
Suppose -k + 5*k = 132. Calculate the highest common factor of 363 and k.
33
Suppose 0 = 3*o - 771 - 984. Suppose 0 = -4*f - 105 + o. What is the greatest common divisor of f and 48?
24
Let w = 156 - -113. Suppose 5*y = -5*d + 305, w = 3*y + d + 76. Calculate the greatest common factor of y and 6.
6
Suppose 0 = -11*p + 2*p + 171. What is the highest common divisor of 171 and p?
19
Let r be (-4642)/(-77) - (-4)/(-14). What is the highest common divisor of 12 and r?
12
Suppose 5*o + 29 = -2*i + 6*i, 0 = -2*i + o + 7. Let f = 2 - -3. What is the highest common factor of f and i?
1
Let d be 3*(55/3 - 3). What is the greatest common divisor of 23 and d?
23
Let h be (-42)/(-4) - (-1)/(-2). Let g be 2 - (-92)/12 - (-2)/6. What is the greatest common factor of h and g?
10
Suppose g - 31 = 24. Calculate the highest common factor of 22 and g.
11
Suppose -4*t + 0*t + 88 = 0. Let f be 10/40 - t/(-8). What is the highest common factor of f and 3?
3
Let m(o) = o**3 + o**2 + 4*o + 3. Let g be m(-2). Let y(a) = -2*a - 2. Let r be y(g). What is the highest common divisor of 64 and r?
16
Suppose -4*a = 4*y - 68, -y + 14 = -0*y + 2*a. Calculate the greatest common factor of 20 and y.
20
Let c(t) = t**2 + 5*t - 5. Let m be c(-7). Suppose -4*h - 220 = -m*h + 5*p, 4*p = -h + 49. What is the highest common factor of 9 and h?
9
Let x(n) = -2*n - 2. Let z be x(2). Let m = z + 3. Let t be ((-33)/(-9))/(m/(-9)). What is the highest common factor of 22 and t?
11
Suppose -3*k + 28 - 4 = 0. What is the highest common divisor of 8 and k?
8
Let t = -38 - -41. Calculate the greatest common factor of t and 24.
3
Suppose -3*o + 7*o - 4 = 0. Let k be 0 - o/(2/38). Let c = -13 - k. Calculate the greatest common divisor of 4 and c.
2
Let v(f) = 9*f - 1. Let x be v(3). Suppose -4*w + 3*w + 13 = 2*q, -2*w = -3*q - x. Calculate the greatest common factor of w and 143.
13
Let x be (1/3)/(5/45). Let c be 19/x - (-6)/9. What is the highest common factor of 14 and c?
7
Let r be 2/(-7) - (-21356)/(-28). Let 